(v) = v**2 + 9*v + 3. What is j(-12)?
39
Let q(n) = n**2 + 4*n + 20. Determine q(-11).
97
Let v(a) = a**3 - 4*a**2 + 10*a - 11. Determine v(3).
10
Let p(h) = 5*h**2 - 44*h + 30. Calculate p(8).
-2
Let j(o) = -o**2 + 15*o + 151. Give j(-7).
-3
Let n(w) = w**3 + 7*w**2 + 7*w + 40. Give n(-7).
-9
Let p(s) = 4*s**3 - 20*s**2 - 8*s + 36. Determine p(5).
-4
Let h(y) = 9*y + 2. Determine h(-6).
-52
Let c(x) = 3*x**2 + x + 1. Calculate c(-2).
11
Let h(g) = -2*g**3 - 16*g**2 - 10*g + 17. Calculate h(-7).
-11
Let i(u) = 2*u**2 - 14*u + 28. Give i(10).
88
Let s(z) = z**2 + 12*z + 8. Give s(-3).
-19
Let p(u) = u**3 - 8*u**2 + 5*u + 6. Calculate p(6).
-36
Let v(i) = -i**2 - 9*i + 4. Give v(-9).
4
Let m(k) = -k**3 + 3*k**2 - 5*k + 15. Determine m(3).
0
Let k(x) = -x. Determine k(1).
-1
Let z(m) = m**2 + 12*m + 12. Calculate z(-12).
12
Let f(l) = -l**3 - 17*l**2 - 1. What is f(-17)?
-1
Let h(n) = -n**3 + 18*n**2 + 23*n - 42. Give h(19).
34
Let j(o) = -o**2 + 7*o - 4. Give j(3).
8
Let m(w) = -5*w**2 + 18*w - 8. Give m(3).
1
Let q(x) = -x**3 - 9*x**2 - 8*x - 4. Calculate q(-8).
-4
Let p(x) = 2*x**2 + 2*x + 2. Give p(3).
26
Let i(n) = 2*n**2 + 26*n - 3. Determine i(-12).
-27
Let s(l) = -l**2 + 5*l - 7. Give s(-4).
-43
Let w(x) = 14*x + 74. What is w(-6)?
-10
Let o(d) = 2*d + 17. Calculate o(-13).
-9
Let c(g) = g - 31. Determine c(-16).
-47
Let s(a) = -a**3 + 21*a**2 + 20*a + 50. What is s(22)?
6
Let s(f) = 5*f**3 - 4*f**2 + f + 2. Give s(2).
28
Let w(d) = -d**3 + 10*d**2 - 10. Calculate w(10).
-10
Let y(j) = j**2 - 5*j - 2. Calculate y(6).
4
Let a(b) = 7*b**2 + 4*b - 4. Calculate a(1).
7
Let w(c) = c**2 - 13*c + 33. Calculate w(3).
3
Let n(a) = a**3 + 4*a**2 - 10*a + 5. Calculate n(-6).
-7
Let p(d) = d**2 - 52*d - 622. What is p(-10)?
-2
Let y(p) = 2*p**3 - 11*p**2 - 5*p - 4. Determine y(6).
2
Let c(d) = -d**3 - 5*d**2 + 14*d + 13. Calculate c(-6).
-35
Let s(t) = t**3 + 7*t**2 + 4*t + 37. What is s(-7)?
9
Let j(v) = 5*v + 18. What is j(-14)?
-52
Let g(m) = m**3 - 6*m**2 - 8. Determine g(6).
-8
Let o(p) = -4*p + 10. What is o(-4)?
26
Let m(y) = 2*y**3 - 34*y**2 - y + 11. Determine m(17).
-6
Let q(h) = -25*h**3 - 2*h**2 + h + 2. Calculate q(-1).
24
Let w(t) = 7*t + 68. What is w(-10)?
-2
Let f(u) = u**2 - 6*u - 3. Give f(6).
-3
Let y(w) = -w**3 - 15*w**2 - 2*w - 27. Determine y(-15).
3
Let h(c) = -c**3 - 2*c**2 - 2*c + 4. Calculate h(-4).
44
Let y(j) = -3*j + 110. What is y(36)?
2
Let o(f) = 2*f**3 - 2*f**2 + 2*f - 1. What is o(1)?
1
Let f(x) = 55*x**3 + 275*x**2 - x - 4. Give f(-5).
1
Let i(p) = -7*p - 16. Determine i(-6).
26
Let h(s) = -s**2 - 18*s + 22. What is h(-19)?
3
Let t(f) = 4*f. Calculate t(6).
24
Let i(a) = -a**3 + 6*a**2 - 5*a + 10. What is i(6)?
-20
Let j(g) = g**3 - 10*g**2 - 4. What is j(10)?
-4
Let p(a) = -4*a - 56. Calculate p(-12).
-8
Let n(p) = 10*p + 5. Give n(5).
55
Let i(a) = 12*a - 4. Calculate i(2).
20
Let t(q) = -2*q**3 - 44*q**2 + 4*q + 86. Give t(-22).
-2
Let p(y) = -y**2 + 36*y - 31. Give p(35).
4
Let c(k) = -2*k**2 - 16*k + 19. Give c(-9).
1
Let k(n) = -12*n - 355. Give k(-30).
5
Let n(b) = -b**3 + 12*b**2 - 8*b - 34. What is n(11)?
-1
Let x(k) = -k**2 + 15*k - 29. Calculate x(12).
7
Let g(l) = l**2 + 43*l + 191. What is g(-38)?
1
Let m(j) = 2*j**3 + 25*j**2 - 18*j - 73. What is m(-13)?
-8
Let o(v) = -v**2 - v - 12. What is o(0)?
-12
Let v(a) = -a**2 - 5*a + 6. Calculate v(3).
-18
Let x(l) = 19*l + 1. What is x(-2)?
-37
Let k(q) = -q**2 + 7*q - 5. Give k(6).
1
Let d(z) = 2*z**2 - 2*z - 1. Give d(-4).
39
Let l(g) = -7*g + 75. Determine l(12).
-9
Let r(t) = -3*t - 29. Determine r(-7).
-8
Let g(y) = y**2 - 10*y + 20. What is g(6)?
-4
Let a(p) = -p**2 - 14*p - 28. Determine a(-11).
5
Let q(u) = -u**2 + 4*u + 9. Determine q(4).
9
Let f(l) = -l**3 + 16*l**2 - 13*l - 6. Give f(15).
24
Let b(h) = -h + 6. Give b(5).
1
Let w(v) = 10*v**2 - v + 1. Calculate w(2).
39
Let v(l) = -110*l**3 + 2*l**2 - 2*l + 1. Determine v(1).
-109
Let t(x) = -2*x**2 + 7*x - 4. What is t(4)?
-8
Let a(v) = 6*v**3 + 3*v**2 - v - 2. What is a(2)?
56
Let p(j) = -4*j - 1. What is p(7)?
-29
Let z(u) = u**3 + 5*u**2 + u - 9. Calculate z(-4).
3
Let z(l) = l**2 + 16*l + 54. What is z(-12)?
6
Let s(d) = 2*d - 21. Give s(10).
-1
Let t(q) = q**3 + q**2 - 11*q - 2. Determine t(3).
1
Let m(x) = -x**2 + 11*x - 15. Determine m(3).
9
Let k(r) = 8*r - 22. Give k(4).
10
Let h(c) = c**2 - 2*c - 4. Give h(3).
-1
Let k(f) = -f**3 - 3*f**2 + 5*f - 1. Determine k(-5).
24
Let z(k) = -3*k + 14. Give z(-10).
44
Let b(z) = -2*z - 5. Give b(0).
-5
Let q(r) = r**3 - 7*r**2 + 5*r + 11. Calculate q(6).
5
Let y(g) = -3*g**2 - 8*g + 65. Give y(4).
-15
Let w(h) = h**2 - 8*h - 16. Calculate w(10).
4
Let x(g) = -4*g**3 - 4*g. What is x(-3)?
120
Let h(c) = c**2 + 12*c + 5. What is h(-13)?
18
Let b(v) = 3*v**3 - 3*v**2 + v - 2. What is b(2)?
12
Let g(s) = 132*s**2 + 15*s - 14. Give g(1).
133
Let y(i) = -14*i + 15. Determine y(1).
1
Let j(y) = y**3 - y**2 - 4*y - 27. What is j(0)?
-27
Let s(b) = -4*b**2 + 13. What is s(0)?
13
Let a(r) = r**3 + 4*r**2 - 3*r + 4. What is a(-5)?
-6
Let b(x) = -x**3 + 7*x**2 - 10*x + 9. Give b(6).
-15
Let z(w) = -w**3 - 8*w**2 - 2*w - 4. Determine z(-8).
12
Let x(v) = v**3 + 5*v**2 - 7*v + 5. Determine x(-6).
11
Let f(p) = 5*p - 19. What is f(4)?
1
Let r(w) = 2*w**2 + 2*w + 2. Give r(4).
42
Let f(d) = d**2 - 28*d - 99. Calculate f(31).
-6
Let b(c) = -29*c + 24. Calculate b(6).
-150
Let s(r) = -r**2 - r + 9. Calculate s(4).
-11
Let z(f) = -f + 94. Determine z(23).
71
Let p(q) = -10*q - 4. Give p(-2).
16
Let w(d) = -d**2 - 8*d - 26. Determine w(-6).
-14
Let p(d) = 2*d**3 - 6*d**2 + 3*d - 3. What is p(4)?
41
Let d(w) = -w**3 + 19*w**2 + 4*w - 79. Determine d(19).
-3
Let a(s) = -5*s - 7. Calculate a(-11).
48
Let z(i) = -i**2 + 10*i + 8. Calculate z(11).
-3
Let l(s) = -12*s + 3. Give l(-5).
63
Let w(a) = -a**3 + 3*a**2 + 7. Calculate w(4).
-9
Let t(d) = d**3 + 12*d**2 - 25*d + 34. Determine t(-14).
-8
Let l(j) = -j**2 - 4*j - 3. What is l(-6)?
-15
Let j(h) = h**3 - 5*h**2 - 2*h + 13. What is j(5)?
3
Let d(j) = -2*j**2 - 23*j + 11. Calculate d(-10).
41
Let m(r) = 41*r**3 + 3*r**2 + 2*r. Calculate m(-1).
-40
Let h(r) = r**3 + 9*r**2 + 7*r + 6. Determine h(-8).
14
Let r(n) = 22*n + 485. Give r(-23).
-21
Let q(i) = 5*i - 22. What is q(9)?
23
Let w(y) = y**2 + 2*y - 3. Calculate w(-3).
0
Let p(b) = 2*b**3 - 3*b**2 + b - 6. Give p(3).
24
Let a(w) = -2*w**2 - 13*w + 13. Calculate a(-7).
6
Let u(v) = -v**2 - 8*v + 3. What is u(-5)?
18
Let p(w) = w**3 - 2*w**2 - 2*w - 4. What is p(2)?
-8
Let r(p) = -4*p - 12. Give r(-10).
28
Let b(n) = 3*n + 3. Determine b(-1).
0
Let x(y) = y**2 - 4*y + 6. What is x(5)?
11
Let g(l) = l**2 - 10*l - 104. What is g(17)?
15
Let p(n) = -25*n - 19. Determine p(-1).
6
Let x(y) = 2*y**2 - 4*y - 19. Give x(-6).
77
Let n(k) = -4*k**2 + k + 3. What is n(2)?
-11
Let v(h) = 2*h + 11. Calculate v(0).
11
Let u(o) = 7*o + 12. What is u(-6)?
-30
Let f(z) = -z**2 + 9*z - 8. Give f(8).
0
Let m(x) = -x**2 + 6*x - 5. Calculate m(5).
0
Let j(z) = z**3 - 27*z**2 - 27*z - 31. Calculate j(28).
-3
Let g(d) = 3*d + 61. Determine g(-12).
25
Let b(y) = 23*y + 12. Give b(-4).
-80
Let d(t) = -t**2 - 13*t + 2. Determine d(-13).
2
Let x(o) = -o**3 + 8*o**2 + 3*o - 10. Give x(8).
14
Let f(j) = j**2 - 15*j + 5. Determine f(13).
-21
Let q(n) = -n**2 - 8*n - 4. Determine q(-11).
-37
Let j(i) = 8*i + 2. What is j(1)?
10
Let c(g) = -3*g**3 - 17*g**2 - 4*g + 6. Give c(-5).
-24
Let x(a) = -a**3 - 7*a**2 - 8*a - 2. Give x(-6).
10
Let h(i) = 2*i**2 + 8*i. Calculate h(-6).
24
Let z(l) = l**3 + 14*l**2 + 12*l + 9. What is z(-13)?
22
Let s(r) = 2*r + 9. Determine s(-7).
-5
Let q(l) = 18*l**2 - 2*l - 2. Calculate q(-1).
18
Let s(f) = 2*f**3 - 11*f**2 - 2*f + 14. Determine s(6).
38
Let y(k) = k**2 - 3*k + 2. Calculate y(2).
0
Let q(a) = -a**3 + 6*a**2 + 7*a - 7. Give q(6).
35
Let j(i) = 9*i**2 - 3. Give j(-1).
6
Let i(q) = q**3 + 12*q**2 + 12*q + 7. Give i(-11).
-4
Let r(x) = -3*x**2 - 15*x - 4. Give r(-6).
-22
Let k(d) = d**3 + 8*d**2 + 6*d + 2. Give k(-7).
9
Let i(r) = -r - 16. What is i(-7)?
-9
Let a(j) = -90*j**2 + 2*j - 2. Calculate a(1).
-90
Let y(o) = o**3 + 6*o**2 - 4*o - 6. Give y(-5).
39
Let j(q) = q + 2. What is j(-21)?
-19
Let a(q) = q**3 + 17*q**2 + 15*q - 15. What is a(-16)?
1
Let v(t